{"id":21,"date":"2025-09-10T10:23:39","date_gmt":"2025-09-10T10:23:39","guid":{"rendered":"https:\/\/www.rebyte.ch\/?page_id=21"},"modified":"2025-09-10T19:26:37","modified_gmt":"2025-09-10T19:26:37","slug":"bildung","status":"publish","type":"page","link":"https:\/\/www.rebyte.ch\/?page_id=21","title":{"rendered":"Bildung"},"content":{"rendered":"\n<h2 class=\"wp-block-heading\">Bildung<\/h2>\n\n\n\n<p class=\"has-small-font-size\">Wir durften schon viele Projekte durchf\u00fchren, was uns sehr freut. Um Ihnen einen Einblick in unsere verschiedenen Arbeiten zu geben, finden Sie eine Aufstellung der verschiedenen Projekte, die wir bereits realisiert haben. Interessieren Sie sich f\u00fcr ein Projekt besonders, z\u00f6gern Sie nicht, uns zu kontaktieren. Wir erz\u00e4hlen Ihnen gerne mehr davon.<\/p>\n","protected":false},"excerpt":{"rendered":"<p>Bildung Wir durften schon viele Projekte durchf\u00fchren, was uns sehr freut. Um Ihnen einen Einblick in unsere verschiedenen Arbeiten zu geben, finden Sie eine Aufstellung der verschiedenen Projekte, die wir bereits realisiert haben. Interessieren Sie sich f\u00fcr ein Projekt besonders, z\u00f6gern Sie nicht, uns zu kontaktieren. Wir erz\u00e4hlen Ihnen gerne mehr davon.<\/p>\n","protected":false},"author":1,"featured_media":0,"parent":0,"menu_order":0,"comment_status":"closed","ping_status":"closed","template":"page-no-title","meta":{"_uag_custom_page_level_css":"","footnotes":""},"class_list":["post-21","page","type-page","status-publish","hentry"],"uagb_featured_image_src":{"full":false,"thumbnail":false,"medium":false,"medium_large":false,"large":false,"1536x1536":false,"2048x2048":false},"uagb_author_info":{"display_name":"admin","author_link":"https:\/\/www.rebyte.ch\/?author=1"},"uagb_comment_info":0,"uagb_excerpt":"Bildung Wir durften schon viele Projekte durchf\u00fchren, was uns sehr freut. Um Ihnen einen Einblick in unsere verschiedenen Arbeiten zu geben, finden Sie eine Aufstellung der verschiedenen Projekte, die wir bereits realisiert haben. Interessieren Sie sich f\u00fcr ein Projekt besonders, z\u00f6gern Sie nicht, uns zu kontaktieren. Wir erz\u00e4hlen Ihnen gerne mehr davon.","_links":{"self":[{"href":"https:\/\/www.rebyte.ch\/index.php?rest_route=\/wp\/v2\/pages\/21","targetHints":{"allow":["GET"]}}],"collection":[{"href":"https:\/\/www.rebyte.ch\/index.php?rest_route=\/wp\/v2\/pages"}],"about":[{"href":"https:\/\/www.rebyte.ch\/index.php?rest_route=\/wp\/v2\/types\/page"}],"author":[{"embeddable":true,"href":"https:\/\/www.rebyte.ch\/index.php?rest_route=\/wp\/v2\/users\/1"}],"replies":[{"embeddable":true,"href":"https:\/\/www.rebyte.ch\/index.php?rest_route=%2Fwp%2Fv2%2Fcomments&post=21"}],"version-history":[{"count":2,"href":"https:\/\/www.rebyte.ch\/index.php?rest_route=\/wp\/v2\/pages\/21\/revisions"}],"predecessor-version":[{"id":125,"href":"https:\/\/www.rebyte.ch\/index.php?rest_route=\/wp\/v2\/pages\/21\/revisions\/125"}],"wp:attachment":[{"href":"https:\/\/www.rebyte.ch\/index.php?rest_route=%2Fwp%2Fv2%2Fmedia&parent=21"}],"curies":[{"name":"wp","href":"https:\/\/api.w.org\/{rel}","templated":true}]}}