{"id":12,"date":"2025-09-10T10:21:47","date_gmt":"2025-09-10T10:21:47","guid":{"rendered":"https:\/\/www.rebyte.ch\/?page_id=12"},"modified":"2025-09-10T19:22:25","modified_gmt":"2025-09-10T19:22:25","slug":"start","status":"publish","type":"page","link":"https:\/\/www.rebyte.ch\/","title":{"rendered":"Start"},"content":{"rendered":"<div class=\"n2_clear\"><ss3-force-full-width data-overflow-x=\"body\" data-horizontal-selector=\"body\"><div class=\"n2-section-smartslider fitvidsignore  n2_clear\" data-ssid=\"2\"><div id=\"n2-ss-2-align\" class=\"n2-ss-align\"><div class=\"n2-padding\"><div id=\"n2-ss-2\" data-creator=\"Smart Slider 3\" data-responsive=\"fullwidth\" class=\"n2-ss-slider n2-ow n2-has-hover n2notransition  \"><div class=\"n2-ss-slider-wrapper-inside\">\n        <div class=\"n2-ss-slider-1 n2_ss__touch_element n2-ow\">\n            <div class=\"n2-ss-slider-2 n2-ow\">\n                                                <div class=\"n2-ss-slider-3 n2-ow\">\n\n                    <div class=\"n2-ss-slide-backgrounds n2-ow-all\"><div class=\"n2-ss-slide-background\" data-public-id=\"1\" data-mode=\"fill\"><div class=\"n2-ss-slide-background-image\" data-blur=\"0\" data-opacity=\"100\" data-x=\"50\" data-y=\"50\" data-alt=\"\" data-title=\"\"><picture class=\"skip-lazy\" data-skip-lazy=\"1\"><img decoding=\"async\" src=\"\/\/www.rebyte.ch\/wp-content\/uploads\/2025\/09\/Wasserproben.jpg\" alt=\"\" title=\"\" loading=\"lazy\" class=\"skip-lazy\" data-skip-lazy=\"1\"><\/picture><\/div><div data-color=\"RGBA(255,255,255,0)\" style=\"background-color: RGBA(255,255,255,0);\" class=\"n2-ss-slide-background-color\"><\/div><\/div><div class=\"n2-ss-slide-background\" data-public-id=\"2\" data-mode=\"fill\"><div class=\"n2-ss-slide-background-image\" data-blur=\"0\" data-opacity=\"100\" data-x=\"50\" data-y=\"50\" data-alt=\"\" data-title=\"\"><picture class=\"skip-lazy\" data-skip-lazy=\"1\"><img decoding=\"async\" src=\"\/\/www.rebyte.ch\/wp-content\/uploads\/2025\/09\/BYOD-scaled.jpg\" alt=\"\" title=\"\" loading=\"lazy\" class=\"skip-lazy\" data-skip-lazy=\"1\"><\/picture><\/div><div data-color=\"RGBA(255,255,255,0)\" style=\"background-color: RGBA(255,255,255,0);\" class=\"n2-ss-slide-background-color\"><\/div><\/div><div class=\"n2-ss-slide-background\" data-public-id=\"3\" data-mode=\"fill\"><div class=\"n2-ss-slide-background-image\" data-blur=\"0\" data-opacity=\"100\" data-x=\"50\" data-y=\"50\" data-alt=\"\" data-title=\"\"><picture class=\"skip-lazy\" data-skip-lazy=\"1\"><img decoding=\"async\" src=\"\/\/www.rebyte.ch\/wp-content\/uploads\/2025\/09\/Papierlos-scaled.jpg\" alt=\"\" title=\"\" loading=\"lazy\" class=\"skip-lazy\" data-skip-lazy=\"1\"><\/picture><\/div><div data-color=\"RGBA(255,255,255,0)\" style=\"background-color: RGBA(255,255,255,0);\" class=\"n2-ss-slide-background-color\"><\/div><\/div><\/div>                    <div class=\"n2-ss-slider-4 n2-ow\">\n                        <svg xmlns=\"http:\/\/www.w3.org\/2000\/svg\" viewBox=\"0 0 1200 600\" data-related-device=\"desktopPortrait\" class=\"n2-ow n2-ss-preserve-size n2-ss-preserve-size--slider n2-ss-slide-limiter\"><\/svg><div data-first=\"1\" data-slide-duration=\"0\" data-id=\"3\" data-slide-public-id=\"1\" data-title=\"Wasserproben\" class=\"n2-ss-slide n2-ow  n2-ss-slide-3\"><div role=\"note\" class=\"n2-ss-slide--focus\" tabindex=\"-1\">Wasserproben<\/div><div class=\"n2-ss-layers-container n2-ss-slide-limiter n2-ow\"><div class=\"n2-ss-layer n2-ow n-uc-rSo0ioqTOPXy\" data-sstype=\"slide\" data-pm=\"default\"><div class=\"n2-ss-layer n2-ow n-uc-C7VFPxnROQ9J\" data-pm=\"default\" data-sstype=\"content\" data-hasbackground=\"0\"><div class=\"n2-ss-section-main-content n2-ss-layer-with-background n2-ss-layer-content n2-ow n-uc-C7VFPxnROQ9J-inner\"><div class=\"n2-ss-layer n2-ow n-uc-4ayJZxv8UBQw\" data-pm=\"normal\" data-sstype=\"layer\"><h2 id=\"n2-ss-2item1\" class=\"n2-font-1884fb6bea71d2a5d2aa58e9bb4a9860-hover   n2-ss-item-content n2-ss-text n2-ow\" style=\"display:block;\">Datenerfassung<\/h2><\/div><div class=\"n2-ss-layer n2-ow n-uc-WGQsXYQJGT8C\" data-pm=\"normal\" data-sstype=\"layer\"><h2 id=\"n2-ss-2item2\" class=\"n2-font-ee169c8c318b23a9aa4fb3ba0eb388a6-hover n2-style-39612b538396e2fceb18e53ec82d9001-heading   n2-ss-item-content n2-ss-text n2-ow\" style=\"display:block;\">Erfassen Sie Ihre Daten ortsunabh\u00e4ngig auf dem Feld oder im B\u00fcro<br><\/h2><\/div><div class=\"n2-ss-layer n2-ow n-uc-jzsAU5dKnXys n2-ss-layer--auto\" data-pm=\"normal\" data-sstype=\"layer\"><div class=\"n2-ss-button-container n2-ss-item-content n2-ow n2-font-768bcf9d2c2bf2ecfc4f8af8b4a77839-link  n2-ss-button-container--non-full-width\"><a class=\"n2-style-889c7f858d2ba425ff16f0e7ed038846-heading  n2-ow \" href=\"https:\/\/www.rebyte.ch\/?page_id=38\/#datenerfassunganker\"><div><div>Erfahre mehr<\/div><\/div><\/a><\/div><\/div><\/div><\/div><\/div><\/div><\/div><div data-slide-duration=\"0\" data-id=\"4\" data-slide-public-id=\"2\" data-title=\"BYOD\" class=\"n2-ss-slide n2-ow  n2-ss-slide-4\"><div role=\"note\" class=\"n2-ss-slide--focus\" tabindex=\"-1\">BYOD<\/div><div class=\"n2-ss-layers-container n2-ss-slide-limiter n2-ow\"><div class=\"n2-ss-layer n2-ow n-uc-vinjAq2PQ5GN\" data-sstype=\"slide\" data-pm=\"default\"><div class=\"n2-ss-layer n2-ow n-uc-jvuvPse77dbU\" data-pm=\"default\" data-sstype=\"content\" data-hasbackground=\"0\"><div class=\"n2-ss-section-main-content n2-ss-layer-with-background n2-ss-layer-content n2-ow n-uc-jvuvPse77dbU-inner\"><div class=\"n2-ss-layer n2-ow n-uc-1f120915dbf16\" data-pm=\"normal\" data-sstype=\"layer\"><h2 id=\"n2-ss-2item4\" class=\"n2-font-1884fb6bea71d2a5d2aa58e9bb4a9860-hover   n2-ss-item-content n2-ss-text n2-ow\" style=\"display:block;\">Digitalisierung in der Schule<\/h2><\/div><div class=\"n2-ss-layer n2-ow n-uc-13f73b8fc7128\" data-pm=\"normal\" data-sstype=\"layer\"><h2 id=\"n2-ss-2item5\" class=\"n2-font-ee169c8c318b23a9aa4fb3ba0eb388a6-hover n2-style-39612b538396e2fceb18e53ec82d9001-heading   n2-ss-item-content n2-ss-text n2-ow\" style=\"display:block;\">Wie kann \u00abBYOD\u00bb effizient genutzt werden? Wir beraten Sie gerne.<br><\/h2><\/div><div class=\"n2-ss-layer n2-ow n-uc-166f20064baab n2-ss-layer--auto\" data-pm=\"normal\" data-sstype=\"layer\"><div class=\"n2-ss-button-container n2-ss-item-content n2-ow n2-font-768bcf9d2c2bf2ecfc4f8af8b4a77839-link  n2-ss-button-container--non-full-width\"><a class=\"n2-style-889c7f858d2ba425ff16f0e7ed038846-heading  n2-ow \" href=\"https:\/\/www.rebyte.ch\/?page_id=38\/#byodanker\"><div><div>Erfahre mehr<\/div><\/div><\/a><\/div><\/div><\/div><\/div><\/div><\/div><\/div><div data-slide-duration=\"0\" data-id=\"5\" data-slide-public-id=\"3\" data-title=\"Papierlos\" class=\"n2-ss-slide n2-ow  n2-ss-slide-5\"><div role=\"note\" class=\"n2-ss-slide--focus\" tabindex=\"-1\">Papierlos<\/div><div class=\"n2-ss-layers-container n2-ss-slide-limiter n2-ow\"><div class=\"n2-ss-layer n2-ow n-uc-opwPNCBu5qm5\" data-sstype=\"slide\" data-pm=\"default\"><div class=\"n2-ss-layer n2-ow n-uc-f4Sd0sdwLcdI\" data-pm=\"default\" data-sstype=\"content\" data-hasbackground=\"0\"><div class=\"n2-ss-section-main-content n2-ss-layer-with-background n2-ss-layer-content n2-ow n-uc-f4Sd0sdwLcdI-inner\"><div class=\"n2-ss-layer n2-ow n-uc-13ed6fe8825d0\" data-pm=\"normal\" data-sstype=\"layer\"><h2 id=\"n2-ss-2item7\" class=\"n2-font-1884fb6bea71d2a5d2aa58e9bb4a9860-hover   n2-ss-item-content n2-ss-text n2-ow\" style=\"display:block;\">Papierlos werden<\/h2><\/div><div class=\"n2-ss-layer n2-ow n-uc-147a3d3360112\" data-pm=\"normal\" data-sstype=\"layer\"><h2 id=\"n2-ss-2item8\" class=\"n2-font-ee169c8c318b23a9aa4fb3ba0eb388a6-hover n2-style-39612b538396e2fceb18e53ec82d9001-heading   n2-ss-item-content n2-ss-text n2-ow\" style=\"display:block;\">mit eigenem Datenmanagementsystem<\/h2><\/div><div class=\"n2-ss-layer n2-ow n-uc-11dd03b854aac n2-ss-layer--auto\" data-pm=\"normal\" data-sstype=\"layer\"><div class=\"n2-ss-button-container n2-ss-item-content n2-ow n2-font-768bcf9d2c2bf2ecfc4f8af8b4a77839-link  n2-ss-button-container--non-full-width\"><a class=\"n2-style-889c7f858d2ba425ff16f0e7ed038846-heading  n2-ow \" href=\"https:\/\/www.rebyte.ch\/?page_id=38\/#papierlosanker\"><div><div>Erfahre mehr<\/div><\/div><\/a><\/div><\/div><\/div><\/div><\/div><\/div><\/div>                    <\/div>\n\n                                    <\/div>\n            <\/div>\n        <\/div>\n        <div class=\"n2-ss-slider-controls n2-ss-slider-controls-absolute-left-center\"><div style=\"--widget-offset:15px;\" class=\"n2-ss-widget nextend-arrow n2-ow-all nextend-arrow-previous  nextend-arrow-animated-fade\" data-hide-mobileportrait=\"1\" id=\"n2-ss-2-arrow-previous\" role=\"button\" aria-label=\"previous arrow\" tabindex=\"0\"><img loading=\"lazy\" decoding=\"async\" width=\"32\" height=\"32\" class=\"skip-lazy\" data-skip-lazy=\"1\" src=\"data:image\/svg+xml;base64,PHN2ZyB3aWR0aD0iMzIiIGhlaWdodD0iMzIiIHZpZXdCb3g9IjAgMCAzMiAzMiIgeG1sbnM9Imh0dHA6Ly93d3cudzMub3JnLzIwMDAvc3ZnIj4KICAgIDxwYXRoIGQ9Ik0xMS40MzMgMTUuOTkyTDIyLjY5IDUuNzEyYy4zOTMtLjM5LjM5My0xLjAzIDAtMS40Mi0uMzkzLS4zOS0xLjAzLS4zOS0xLjQyMyAwbC0xMS45OCAxMC45NGMtLjIxLjIxLS4zLjQ5LS4yODUuNzYtLjAxNS4yOC4wNzUuNTYuMjg0Ljc3bDExLjk4IDEwLjk0Yy4zOTMuMzkgMS4wMy4zOSAxLjQyNCAwIC4zOTMtLjQuMzkzLTEuMDMgMC0xLjQybC0xMS4yNTctMTAuMjkiCiAgICAgICAgICBmaWxsPSIjZmZmZmZmIiBvcGFjaXR5PSIwLjgiIGZpbGwtcnVsZT0iZXZlbm9kZCIvPgo8L3N2Zz4=\" alt=\"previous arrow\"><\/div><\/div><div class=\"n2-ss-slider-controls n2-ss-slider-controls-absolute-right-center\"><div style=\"--widget-offset:15px;\" class=\"n2-ss-widget nextend-arrow n2-ow-all nextend-arrow-next  nextend-arrow-animated-fade\" data-hide-mobileportrait=\"1\" id=\"n2-ss-2-arrow-next\" role=\"button\" aria-label=\"next arrow\" tabindex=\"0\"><img loading=\"lazy\" decoding=\"async\" width=\"32\" height=\"32\" class=\"skip-lazy\" data-skip-lazy=\"1\" src=\"data:image\/svg+xml;base64,PHN2ZyB3aWR0aD0iMzIiIGhlaWdodD0iMzIiIHZpZXdCb3g9IjAgMCAzMiAzMiIgeG1sbnM9Imh0dHA6Ly93d3cudzMub3JnLzIwMDAvc3ZnIj4KICAgIDxwYXRoIGQ9Ik0xMC43MjIgNC4yOTNjLS4zOTQtLjM5LTEuMDMyLS4zOS0xLjQyNyAwLS4zOTMuMzktLjM5MyAxLjAzIDAgMS40MmwxMS4yODMgMTAuMjgtMTEuMjgzIDEwLjI5Yy0uMzkzLjM5LS4zOTMgMS4wMiAwIDEuNDIuMzk1LjM5IDEuMDMzLjM5IDEuNDI3IDBsMTIuMDA3LTEwLjk0Yy4yMS0uMjEuMy0uNDkuMjg0LS43Ny4wMTQtLjI3LS4wNzYtLjU1LS4yODYtLjc2TDEwLjcyIDQuMjkzeiIKICAgICAgICAgIGZpbGw9IiNmZmZmZmYiIG9wYWNpdHk9IjAuOCIgZmlsbC1ydWxlPSJldmVub2RkIi8+Cjwvc3ZnPg==\" alt=\"next arrow\"><\/div><\/div><\/div><\/div><ss3-loader><\/ss3-loader><\/div><\/div><div class=\"n2_clear\"><\/div><\/div><\/ss3-force-full-width><\/div>\n\n\n<div style=\"height:50px\" aria-hidden=\"true\" class=\"wp-block-spacer\"><\/div>\n\n\n\n<h2 class=\"wp-block-heading\" id=\"uberunsanker\">Daten im Griff<\/h2>\n\n\n\n<p class=\"has-small-font-size\"><span style=\"letter-spacing: normal; white-space: normal; caret-color: rgb(0, 0, 0); color: rgb(0, 0, 0); font-size: medium;\">Nach mehrj\u00e4hriger Erfahrung in der Datenbankentwicklung und Kundenschulung, entschliesst sich Stefan Rey seine Anstellung zu k\u00fcndigen und die reByte GmbH zu gr\u00fcnden. Seit M\u00e4rz 1998 entwickeln wir Softwarel\u00f6sungen f\u00fcr kleine Unternehmungen bis Grosskonzerne. Die weiteren Standbeine sind Beratungen im Informatikbereich, Entwicklung von Websites und Schulung der gesamten Microsoft Office Palette. Die reByte GmbH besch\u00e4ftigt gegenw\u00e4rtig drei MitarbeiterInnen.<\/span><\/p>\n\n\n\n<div style=\"height:50px\" aria-hidden=\"true\" class=\"wp-block-spacer\"><\/div>\n\n\n\n<h2 class=\"wp-block-heading\">Dienstleistungen<\/h2>\n\n\n\n<div class=\"wp-block-group is-layout-grid wp-container-core-group-is-layout-478b6e6b wp-block-group-is-layout-grid\">\n<div class=\"wp-block-kadence-infobox kt-info-box12_a17c55-1c\"><a class=\"kt-blocks-info-box-link-wrap info-box-link kt-blocks-info-box-media-align-top kt-info-halign-center\" href=\"https:\/\/www.rebyte.ch\/?page_id=15\/#beratung\"><div class=\"kt-blocks-info-box-media-container\"><div class=\"kt-blocks-info-box-media kt-info-media-animate-none\"><div class=\"kadence-info-box-image-inner-intrisic-container\"><div class=\"kadence-info-box-image-intrisic kt-info-animate-none\"><div class=\"kadence-info-box-image-inner-intrisic\"><img loading=\"lazy\" decoding=\"async\" src=\"https:\/\/www.rebyte.ch\/wp-content\/uploads\/2025\/09\/Beratung.png\" alt=\"\" width=\"2000\" height=\"2000\" class=\"kt-info-box-image wp-image-89\" srcset=\"https:\/\/www.rebyte.ch\/wp-content\/uploads\/2025\/09\/Beratung.png 2000w, https:\/\/www.rebyte.ch\/wp-content\/uploads\/2025\/09\/Beratung-300x300.png 300w, https:\/\/www.rebyte.ch\/wp-content\/uploads\/2025\/09\/Beratung-1024x1024.png 1024w, https:\/\/www.rebyte.ch\/wp-content\/uploads\/2025\/09\/Beratung-150x150.png 150w, https:\/\/www.rebyte.ch\/wp-content\/uploads\/2025\/09\/Beratung-768x768.png 768w, https:\/\/www.rebyte.ch\/wp-content\/uploads\/2025\/09\/Beratung-1536x1536.png 1536w\" sizes=\"auto, (max-width: 2000px) 100vw, 2000px\" \/><\/div><\/div><\/div><\/div><\/div><div class=\"kt-infobox-textcontent\"><h3 class=\"kt-blocks-info-box-title\">Beratung<\/h3><\/div><\/a><\/div>\n\n\n\n<div class=\"wp-block-kadence-infobox kt-info-box12_35e99d-1a\"><a class=\"kt-blocks-info-box-link-wrap info-box-link kt-blocks-info-box-media-align-top kt-info-halign-center\" href=\"https:\/\/www.rebyte.ch\/?page_id=15\/#entwicklung\"><div class=\"kt-blocks-info-box-media-container\"><div class=\"kt-blocks-info-box-media kt-info-media-animate-none\"><div class=\"kadence-info-box-image-inner-intrisic-container\"><div class=\"kadence-info-box-image-intrisic kt-info-animate-none\"><div class=\"kadence-info-box-image-inner-intrisic\"><img loading=\"lazy\" decoding=\"async\" src=\"https:\/\/www.rebyte.ch\/wp-content\/uploads\/2025\/09\/Entwicklung.png\" alt=\"\" width=\"2000\" height=\"2000\" class=\"kt-info-box-image wp-image-88\" srcset=\"https:\/\/www.rebyte.ch\/wp-content\/uploads\/2025\/09\/Entwicklung.png 2000w, https:\/\/www.rebyte.ch\/wp-content\/uploads\/2025\/09\/Entwicklung-300x300.png 300w, https:\/\/www.rebyte.ch\/wp-content\/uploads\/2025\/09\/Entwicklung-1024x1024.png 1024w, https:\/\/www.rebyte.ch\/wp-content\/uploads\/2025\/09\/Entwicklung-150x150.png 150w, https:\/\/www.rebyte.ch\/wp-content\/uploads\/2025\/09\/Entwicklung-768x768.png 768w, https:\/\/www.rebyte.ch\/wp-content\/uploads\/2025\/09\/Entwicklung-1536x1536.png 1536w\" sizes=\"auto, (max-width: 2000px) 100vw, 2000px\" \/><\/div><\/div><\/div><\/div><\/div><div class=\"kt-infobox-textcontent\"><h3 class=\"kt-blocks-info-box-title\">Entwicklung<\/h3><\/div><\/a><\/div>\n\n\n\n<div class=\"wp-block-kadence-infobox kt-info-box12_e90afc-54\"><a class=\"kt-blocks-info-box-link-wrap info-box-link kt-blocks-info-box-media-align-top kt-info-halign-center\" href=\"https:\/\/www.rebyte.ch\/?page_id=15\/#schulung\"><div class=\"kt-blocks-info-box-media-container\"><div class=\"kt-blocks-info-box-media kt-info-media-animate-none\"><div class=\"kadence-info-box-image-inner-intrisic-container\"><div class=\"kadence-info-box-image-intrisic kt-info-animate-none\"><div class=\"kadence-info-box-image-inner-intrisic\"><img loading=\"lazy\" decoding=\"async\" src=\"https:\/\/www.rebyte.ch\/wp-content\/uploads\/2025\/09\/Schulung.png\" alt=\"\" width=\"2000\" height=\"2000\" class=\"kt-info-box-image wp-image-90\" srcset=\"https:\/\/www.rebyte.ch\/wp-content\/uploads\/2025\/09\/Schulung.png 2000w, https:\/\/www.rebyte.ch\/wp-content\/uploads\/2025\/09\/Schulung-300x300.png 300w, https:\/\/www.rebyte.ch\/wp-content\/uploads\/2025\/09\/Schulung-1024x1024.png 1024w, https:\/\/www.rebyte.ch\/wp-content\/uploads\/2025\/09\/Schulung-150x150.png 150w, https:\/\/www.rebyte.ch\/wp-content\/uploads\/2025\/09\/Schulung-768x768.png 768w, https:\/\/www.rebyte.ch\/wp-content\/uploads\/2025\/09\/Schulung-1536x1536.png 1536w\" sizes=\"auto, (max-width: 2000px) 100vw, 2000px\" \/><\/div><\/div><\/div><\/div><\/div><div class=\"kt-infobox-textcontent\"><h3 class=\"kt-blocks-info-box-title\">Schulung<\/h3><\/div><\/a><\/div>\n<\/div>\n\n\n\n<div style=\"height:50px\" aria-hidden=\"true\" class=\"wp-block-spacer\"><\/div>\n\n\n\n<h2 class=\"wp-block-heading\">Referenzen<\/h2>\n\n\n\n<div class=\"wp-block-group is-layout-grid wp-container-core-group-is-layout-478b6e6b wp-block-group-is-layout-grid\">\n<div class=\"wp-block-kadence-infobox kt-info-box12_080077-46\"><a class=\"kt-blocks-info-box-link-wrap info-box-link kt-blocks-info-box-media-align-top kt-info-halign-center\" href=\"https:\/\/www.rebyte.ch\/?page_id=17\"><div class=\"kt-blocks-info-box-media-container\"><div class=\"kt-blocks-info-box-media kt-info-media-animate-none\"><div class=\"kadence-info-box-image-inner-intrisic-container\"><div class=\"kadence-info-box-image-intrisic kt-info-animate-none\"><div class=\"kadence-info-box-image-inner-intrisic\"><img loading=\"lazy\" decoding=\"async\" src=\"https:\/\/www.rebyte.ch\/wp-content\/uploads\/2025\/09\/Behoerden.png\" alt=\"\" width=\"2000\" height=\"2000\" class=\"kt-info-box-image wp-image-82\" srcset=\"https:\/\/www.rebyte.ch\/wp-content\/uploads\/2025\/09\/Behoerden.png 2000w, https:\/\/www.rebyte.ch\/wp-content\/uploads\/2025\/09\/Behoerden-300x300.png 300w, https:\/\/www.rebyte.ch\/wp-content\/uploads\/2025\/09\/Behoerden-1024x1024.png 1024w, https:\/\/www.rebyte.ch\/wp-content\/uploads\/2025\/09\/Behoerden-150x150.png 150w, https:\/\/www.rebyte.ch\/wp-content\/uploads\/2025\/09\/Behoerden-768x768.png 768w, https:\/\/www.rebyte.ch\/wp-content\/uploads\/2025\/09\/Behoerden-1536x1536.png 1536w\" sizes=\"auto, (max-width: 2000px) 100vw, 2000px\" \/><\/div><\/div><\/div><\/div><\/div><div class=\"kt-infobox-textcontent\"><h3 class=\"kt-blocks-info-box-title\">Beh\u00f6rden<\/h3><\/div><\/a><\/div>\n\n\n\n<div class=\"wp-block-kadence-infobox kt-info-box12_a7c97d-e7\"><a class=\"kt-blocks-info-box-link-wrap info-box-link kt-blocks-info-box-media-align-top kt-info-halign-center\" href=\"https:\/\/www.rebyte.ch\/?page_id=19\"><div class=\"kt-blocks-info-box-media-container\"><div class=\"kt-blocks-info-box-media kt-info-media-animate-none\"><div class=\"kadence-info-box-image-inner-intrisic-container\"><div class=\"kadence-info-box-image-intrisic kt-info-animate-none\"><div class=\"kadence-info-box-image-inner-intrisic\"><img loading=\"lazy\" decoding=\"async\" src=\"https:\/\/www.rebyte.ch\/wp-content\/uploads\/2025\/09\/Industrie.png\" alt=\"\" width=\"2000\" height=\"2000\" class=\"kt-info-box-image wp-image-81\" srcset=\"https:\/\/www.rebyte.ch\/wp-content\/uploads\/2025\/09\/Industrie.png 2000w, https:\/\/www.rebyte.ch\/wp-content\/uploads\/2025\/09\/Industrie-300x300.png 300w, https:\/\/www.rebyte.ch\/wp-content\/uploads\/2025\/09\/Industrie-1024x1024.png 1024w, https:\/\/www.rebyte.ch\/wp-content\/uploads\/2025\/09\/Industrie-150x150.png 150w, https:\/\/www.rebyte.ch\/wp-content\/uploads\/2025\/09\/Industrie-768x768.png 768w, https:\/\/www.rebyte.ch\/wp-content\/uploads\/2025\/09\/Industrie-1536x1536.png 1536w\" sizes=\"auto, (max-width: 2000px) 100vw, 2000px\" \/><\/div><\/div><\/div><\/div><\/div><div class=\"kt-infobox-textcontent\"><h3 class=\"kt-blocks-info-box-title\">Industrie<\/h3><\/div><\/a><\/div>\n\n\n\n<div class=\"wp-block-kadence-infobox kt-info-box12_f6dad6-1f\"><a class=\"kt-blocks-info-box-link-wrap info-box-link kt-blocks-info-box-media-align-top kt-info-halign-center\" href=\"https:\/\/www.rebyte.ch\/?page_id=21\"><div class=\"kt-blocks-info-box-media-container\"><div class=\"kt-blocks-info-box-media kt-info-media-animate-none\"><div class=\"kadence-info-box-image-inner-intrisic-container\"><div class=\"kadence-info-box-image-intrisic kt-info-animate-none\"><div class=\"kadence-info-box-image-inner-intrisic\"><img loading=\"lazy\" decoding=\"async\" src=\"https:\/\/www.rebyte.ch\/wp-content\/uploads\/2025\/09\/Bildung.png\" alt=\"\" width=\"2000\" height=\"2000\" class=\"kt-info-box-image wp-image-80\" srcset=\"https:\/\/www.rebyte.ch\/wp-content\/uploads\/2025\/09\/Bildung.png 2000w, https:\/\/www.rebyte.ch\/wp-content\/uploads\/2025\/09\/Bildung-300x300.png 300w, https:\/\/www.rebyte.ch\/wp-content\/uploads\/2025\/09\/Bildung-1024x1024.png 1024w, https:\/\/www.rebyte.ch\/wp-content\/uploads\/2025\/09\/Bildung-150x150.png 150w, https:\/\/www.rebyte.ch\/wp-content\/uploads\/2025\/09\/Bildung-768x768.png 768w, https:\/\/www.rebyte.ch\/wp-content\/uploads\/2025\/09\/Bildung-1536x1536.png 1536w\" sizes=\"auto, (max-width: 2000px) 100vw, 2000px\" \/><\/div><\/div><\/div><\/div><\/div><div class=\"kt-infobox-textcontent\"><h3 class=\"kt-blocks-info-box-title\">Bildung<\/h3><\/div><\/a><\/div>\n<\/div>\n\n\n\n<div style=\"height:50px\" aria-hidden=\"true\" class=\"wp-block-spacer\"><\/div>\n\n\n\n<h2 class=\"wp-block-heading\" id=\"kontaktanker\">Kontakt<\/h2>\n\n\n\n<div class=\"wp-block-uagb-forms uagb-forms__outer-wrap uagb-block-0f7671bd uagb-forms__medium-btn\"><form class=\"uagb-forms-main-form\" method=\"post\" autocomplete=\"on\" name=\"uagb-form-0f7671bd\">\n<div class=\"wp-block-uagb-forms-name uagb-forms-name-wrap uagb-forms-field-set uagb-block-bccb5015\"><div class=\"uagb-forms-name-label required uagb-forms-input-label\" id=\"bccb5015\">Vorname<\/div><input type=\"text\" placeholder=\"John\" required class=\"uagb-forms-name-input uagb-forms-input\" name=\"bccb5015\" autocomplete=\"given-name\"\/><\/div>\n\n\n\n<div class=\"wp-block-uagb-forms-name uagb-forms-name-wrap uagb-forms-field-set uagb-block-9b9ae600\"><div class=\"uagb-forms-name-label required uagb-forms-input-label\" id=\"9b9ae600\">Nachname<\/div><input type=\"text\" placeholder=\"Doe\" required class=\"uagb-forms-name-input uagb-forms-input\" name=\"9b9ae600\" autocomplete=\"family-name\"\/><\/div>\n\n\n\n<div class=\"wp-block-uagb-forms-email uagb-forms-email-wrap uagb-forms-field-set uagb-block-db30994b\"><div class=\"uagb-forms-email-label required uagb-forms-input-label\" id=\"db30994b\">Email<\/div><input type=\"email\" class=\"uagb-forms-email-input uagb-forms-input\" placeholder=\"example@mail.com\" required name=\"db30994b\" autocomplete=\"email\"\/><\/div>\n\n\n\n<div class=\"wp-block-uagb-forms-textarea uagb-forms-textarea-wrap uagb-forms-field-set uagb-block-c15eedfc\"><div class=\"uagb-forms-textarea-label required uagb-forms-input-label\" id=\"c15eedfc\">Nachricht<\/div><textarea required class=\"uagb-forms-textarea-input uagb-forms-input\" rows=\"4\" placeholder=\"Enter your message\" name=\"c15eedfc\" autocomplete=\"off\"><\/textarea><\/div>\n<div class=\"uagb-forms-form-hidden-data\"><input type=\"hidden\" class=\"uagb_forms_form_label\" value=\"Spectra Form\"\/><input type=\"hidden\" class=\"uagb_forms_form_id\" value=\"uagb-form-0f7671bd\"\/><\/div><div class=\"uagb-form-reacaptcha-error-0f7671bd\"><\/div><div class=\"uagb-forms-main-submit-button-wrap wp-block-button\"><button class=\"uagb-forms-main-submit-button wp-block-button__link\"><div class=\"uagb-forms-main-submit-button-text\">Senden<\/div><\/button><\/div><\/form><div class=\"uagb-forms-success-message-0f7671bd uagb-forms-submit-message-hide\"><span>Die Nachricht wurde erfolgreich \u00fcbermittelt!<\/span><\/div><div class=\"uagb-forms-failed-message-0f7671bd uagb-forms-submit-message-hide\"><span>Es gab einen Fehler beim senden. Bitte \u00fcberpr\u00fcfen Sie es nochmals.<\/span><\/div><\/div>\n\n\n<div class=\"kb-google-maps-container kb-google-maps-container12_9fcd0d-66  wp-block-kadence-googlemaps\" data-mapid=\"12_9fcd0d66\"><iframe width=\"100%\" height=\"100%\"\n\t\t\t\t\t\t\tstyle=\"border:0\" loading=\"lazy\"\n\t\t\t\t\t\t\tsrc=\"https:\/\/www.google.com\/maps\/embed\/v1\/place?key=AIzaSyBAM2o7PiQqwk15LC1XRH2e_KJ-jUa7KYk&#038;zoom=12&#038;maptype=roadmap&#038;q=rebyte+GmbH\"\n\t\t\t\t\t\t\ttitle=\"Google-Karte f\u00fcr rebyte GmbH\"><\/iframe><\/div><script>function kb_google_map12_9fcd0d66() { let center = { lat: 37.8201, lng: -122.4781}; let map = new google.maps.Map(document.getElementById(\"kb-google-map12_9fcd0d66\"), {\n\t\t\t\t\t    zoom: 12,\n\t\t\t\t\t    center: center,});let marker = new google.maps.Marker({   position: { lat: 37.8201, lng: -122.4781},    map: map,  });}<\/script>\n\n\n<p><\/p>\n","protected":false},"excerpt":{"rendered":"<p>Daten im Griff Nach mehrj\u00e4hriger Erfahrung in der Datenbankentwicklung und Kundenschulung, entschliesst sich Stefan Rey seine Anstellung zu k\u00fcndigen und die reByte GmbH zu gr\u00fcnden. Seit M\u00e4rz 1998 entwickeln wir Softwarel\u00f6sungen f\u00fcr kleine Unternehmungen bis Grosskonzerne. Die weiteren Standbeine sind Beratungen im Informatikbereich, Entwicklung von Websites und Schulung der gesamten Microsoft Office Palette. Die reByte [&hellip;]<\/p>\n","protected":false},"author":1,"featured_media":0,"parent":0,"menu_order":0,"comment_status":"closed","ping_status":"closed","template":"page-no-title","meta":{"_uag_custom_page_level_css":"","footnotes":""},"class_list":["post-12","page","type-page","status-publish","hentry"],"uagb_featured_image_src":{"full":false,"thumbnail":false,"medium":false,"medium_large":false,"large":false,"1536x1536":false,"2048x2048":false},"uagb_author_info":{"display_name":"admin","author_link":"https:\/\/www.rebyte.ch\/?author=1"},"uagb_comment_info":0,"uagb_excerpt":"Daten im Griff Nach mehrj\u00e4hriger Erfahrung in der Datenbankentwicklung und Kundenschulung, entschliesst sich Stefan Rey seine Anstellung zu k\u00fcndigen und die reByte GmbH zu gr\u00fcnden. Seit M\u00e4rz 1998 entwickeln wir Softwarel\u00f6sungen f\u00fcr kleine Unternehmungen bis Grosskonzerne. Die weiteren Standbeine sind Beratungen im Informatikbereich, Entwicklung von Websites und Schulung der gesamten Microsoft Office Palette. Die reByte&hellip;","_links":{"self":[{"href":"https:\/\/www.rebyte.ch\/index.php?rest_route=\/wp\/v2\/pages\/12","targetHints":{"allow":["GET"]}}],"collection":[{"href":"https:\/\/www.rebyte.ch\/index.php?rest_route=\/wp\/v2\/pages"}],"about":[{"href":"https:\/\/www.rebyte.ch\/index.php?rest_route=\/wp\/v2\/types\/page"}],"author":[{"embeddable":true,"href":"https:\/\/www.rebyte.ch\/index.php?rest_route=\/wp\/v2\/users\/1"}],"replies":[{"embeddable":true,"href":"https:\/\/www.rebyte.ch\/index.php?rest_route=%2Fwp%2Fv2%2Fcomments&post=12"}],"version-history":[{"count":26,"href":"https:\/\/www.rebyte.ch\/index.php?rest_route=\/wp\/v2\/pages\/12\/revisions"}],"predecessor-version":[{"id":122,"href":"https:\/\/www.rebyte.ch\/index.php?rest_route=\/wp\/v2\/pages\/12\/revisions\/122"}],"wp:attachment":[{"href":"https:\/\/www.rebyte.ch\/index.php?rest_route=%2Fwp%2Fv2%2Fmedia&parent=12"}],"curies":[{"name":"wp","href":"https:\/\/api.w.org\/{rel}","templated":true}]}}